2322 = -8297. Is q composite?
True
Let w(t) = -t + 1. Let i(v) = -v**2 - 18*v + 20. Let z(c) = -i(c) + w(c). Is z(-22) composite?
True
Let a = 10 - 1. Let u = -5 + a. Suppose -j = u*s - 33, 4*s + 2*j = s + 31. Is s a composite number?
False
Suppose -4*c = 4*h - 164004, -40977 = -c + 11*h - 6*h. Is c a prime number?
False
Suppose -127*m + 122*m = -10. Suppose -3*q - 2167 = -w, 0 = -m*w - 2*q + q + 4306. Is w a prime number?
False
Suppose 2*c + 32 = 34, -3*f + c - 2008 = 0. Let m = -55 - 235. Let w = m - f. Is w composite?
False
Let t(z) = -61*z - 14. Let q(m) = m**3 - 4*m**2 + 2*m - 2. Let v be q(3). Is t(v) composite?
True
Let d(p) = -p**3 - 5*p**2 + 5*p - 2. Let x be d(-6). Suppose 0 = x*y - 32. Is 52/12*(y - 2) prime?
False
Suppose -8*b - 2544 = -5*b. Let k = b - -1945. Is k prime?
True
Let b be (-13 - -8)*1/(-1). Suppose -v - v - 5*x = -10, v = -x + b. Suppose v*o - 641 = 5*k + 419, -3*o + k + 634 = 0. Is o a prime number?
True
Let y = -20 + 20. Suppose -3*k + 5*k + 8 = y. Is (-7)/(14/k) - -147 a composite number?
False
Let o = -35 - -65. Is (o - (-6)/2) + 4 prime?
True
Let t = -7310 + 19825. Is t a composite number?
True
Suppose 5*v + 1118 = 5273. Is v a composite number?
True
Let y = -865 + 2114. Is y a prime number?
True
Suppose -2*k + 35 = 3*k + 3*b, -2*k = -4*b + 12. Suppose -6 = -k*q + 2. Suppose q*t - 57 = -t. Is t composite?
False
Let q(t) = -1756*t + 5. Suppose 0*x = 2*x + 2*r - 6, 5*x + 4*r = 11. Is q(x) a prime number?
False
Let k = -1127 + 4846. Is k prime?
True
Suppose -3*c + 1087 = x - 2*x, -4*x + 20 = 0. Let m = c - 113. Is m a composite number?
False
Suppose 4*i - 25*i + 31731 = 0. Is i prime?
True
Let n be ((-7562)/(-70) + (-6)/14)*-5. Let z = n + 795. Is z composite?
False
Let y = -2 - -73. Let f be 11 - (1 - 0)*-1. Let c = y - f. Is c composite?
False
Suppose 1 = -4*n + 9. Suppose -233 = -n*z + 29. Is z composite?
False
Suppose 31*a + 130 = 26*a. Let w be a/7 + 8/(-28). Let o(d) = -2*d**3 + 2*d**2 + d + 5. Is o(w) composite?
True
Let u(s) be the first derivative of 2*s - 2*s**2 - 3 + 7/3*s**3. Is u(7) a prime number?
True
Suppose l - 1476 = 4*k + k, 4*k + 4*l = -1176. Let j = -168 - k. Is j composite?
False
Let r = 15 - 8. Suppose r*m - 25 = 2*m. Suppose -m*j + 4*j + 57 = -2*k, -118 = -2*j + 5*k. Is j a composite number?
True
Let j be (-2)/(-11) - (-210)/55. Suppose 0*u - 3*u + j*i + 832 = 0, -2*u = -3*i - 553. Let t = -157 + u. Is t composite?
False
Suppose -s + 2*s = 2*p + 32, 76 = 3*s + 4*p. Let z = -44 - s. Let w = z - -119. Is w prime?
True
Let j(c) = -38*c + 5. Let d be (-1 - (-2)/1)*5. Let m be j(d). Let s = 312 + m. Is s composite?
False
Suppose 5*q = -4*g + 14, 4*q + 3 = -4*g + 15. Suppose -3 = 3*y - 3*v, -v + q*v - 9 = 3*y. Is (-6)/y + 536/16 a composite number?
True
Let p(l) = l**2 + 6. Let v be p(-8). Let g = -7 + 22. Let m = v - g. Is m a composite number?
True
Let y = -37 - -39. Is ((-7)/((-70)/116))/(y/10) a prime number?
False
Let c = 22 - 204. Let v = c + 57. Let h = 758 + v. Is h a composite number?
True
Is (7 + -10006)*22/(-6) - -4 composite?
True
Let u be 1 + (18/4 - (-11)/(-22)). Suppose -u*i = -6*i + 1381. Is i prime?
True
Suppose 0 = -4*v + 4*z - 4, v - z + 4*z = 15. Let k = v - -2. Suppose 628 = k*h - 742. Is h prime?
False
Suppose 3*f - 5*k - 16 = 0, 4*k + 33 = -5*f - 2. Let m be 1/(-4)*0 - f. Is 15/m*(-877)/(-5) composite?
False
Let r(a) = -4*a + 11. Let d be r(0). Suppose d*g = 778 + 2445. Is g a composite number?
False
Let k = -3031 - -5192. Is k composite?
False
Let x(g) = 2*g**2 + 33*g + 5. Is x(23) prime?
False
Let j(b) = 19 - 13 + 0*b**2 + b**2 - 912*b**3 - 2*b - 8. Is j(-1) a prime number?
False
Let a(b) = -b**2 + 10*b + 1. Let j be a(12). Let h be -2 + -56 + (-2 - -4). Let u = j - h. Is u prime?
False
Let p = 11 - 7. Suppose -4*w = -b, 6*w - b = 10*w. Suppose 0 = p*y - m - 353, -4*y + 2*m + 3*m + 341 = w. Is y a prime number?
True
Suppose 2*c - 3334 = -4*l, l - 3607 = -4*c + 3026. Is c composite?
False
Suppose 86 + 6 = -4*q. Let v = -113 - -213. Let l = q + v. Is l prime?
False
Suppose 1595 = -4*j - 6757. Let g = j + 2941. Is g a prime number?
True
Suppose 0 = l - 0*l - 1, 3*w - 7 = -l. Suppose 2*n + w*h = 4*h + 112, 5*n - 4*h = 282. Suppose 137 + n = 3*t. Is t composite?
True
Let y = 6010 - 2073. Is y composite?
True
Suppose w - 5 = 3. Suppose w*u = 11*u - 2217. Is u composite?
False
Suppose i = -4*j + 18, 0 = j + j - 4*i. Suppose 3*u - j*u = -6. Is (2/(-3))/(u/(-1143)) a prime number?
True
Suppose -20*t - 29855 = -25*t. Is t a prime number?
False
Suppose -14*n + 360 = -9*n. Suppose -n*r - 316 = -76*r. Is r prime?
True
Let s = 1528 - 2643. Is (s/5 - 0)*5/(-1) prime?
False
Suppose j + z = 3*z + 582, -3*j = 2*z - 1762. Suppose 3*p - j = -2*g, -4*p - 164 - 129 = -g. Is g composite?
False
Is (28038/(-9))/(1 + 5/(-3)) prime?
True
Suppose 0 = g, v + 0*v - 4*g - 2517 = 0. Is v composite?
True
Suppose 3*b + s = 2*s + 2386, -5*b + 2*s = -3978. Suppose -300 = -2*l - 3*p, 35 = -5*l - 3*p + b. Suppose -5*r - 272 - l = -5*m, -5*m = -4*r - 425. Is m prime?
False
Let q = -60 - -62. Suppose 0 = 5*w + 3*i - 2*i - 4393, 0 = -q*w + i + 1760. Is w prime?
False
Let a(j) = -18*j**3 + j**2 + 16*j + 31. Is a(-12) a composite number?
True
Let o(d) = -2*d - 2. Let i be o(3). Let y(u) be the third derivative of -u**4/8 - 3*u**3 + 27*u**2. Is y(i) a prime number?
False
Let h = -14693 + 27012. Is h a prime number?
False
Suppose 3*f - 10 = f. Suppose -3*t = -f*t - 4. Let n(v) = -38*v**3 + 2*v - 1. Is n(t) prime?
False
Let s(n) = n**3 + 9*n**2 + 4*n + 4. Let j be s(-8). Suppose -2*k + 4*m = -j, 72 = 4*k + 3*m - 4*m. Is 4/k + (-3936)/(-27) composite?
True
Let s = 1404 + 2627. Is s a prime number?
False
Let y(r) = r**3 + 2*r**2 - 13*r - 18. Let u be y(-4). Suppose -u*b = -4*b + 1258. Is b a composite number?
True
Suppose 0 = 2*c + 10, 10790 = -22*w + 27*w + 3*c. Is w a composite number?
False
Suppose 5*l + 2*o + 49 = -49, -5*o = 20. Let m = 28 + l. Suppose 5*n = 25, d - 228 - m = 3*n. Is d composite?
True
Let a = 40 + 582. Let i = -296 + a. Is i a composite number?
True
Suppose -4*v + 2146 = 2*h - 1616, -5*v + 1869 = h. Is h prime?
True
Suppose -47*k - 6172 = -48*k. Is 1*(k/(-2))/(-2) a composite number?
False
Let p(c) = 76*c**2 + 2. Let b be p(1). Suppose u - b = 595. Is u composite?
False
Suppose -2*o + 17 = -23. Suppose 0 = 4*r - 0*r - o. Suppose -r*t + 126 + 139 = 0. Is t prime?
True
Suppose 6 = 2*f - 4. Suppose 0 = f*q - 169 - 756. Is q composite?
True
Let b(m) = 510*m + 2. Let q be b(-1). Let s = 869 + q. Is s prime?
False
Let z(g) = -82*g - 8. Let u(v) = 27*v + 3. Let q(o) = 17*u(o) + 6*z(o). Let n be q(2). Let t = 94 - n. Is t a composite number?
False
Let r(w) = 75*w - 2. Let s(y) = y + 15. Suppose -16 + 4 = n. Let m be s(n). Is r(m) composite?
False
Suppose 4*q = t - 23 - 21, 0 = 2*t - 2*q - 58. Suppose -t = -v + 5*g + 42, 132 = 2*v + 5*g. Is (-9 - -7)/((-4)/v) prime?
False
Let k be -223 - 5/(-15)*-3. Let p = k + 387. Is p prime?
True
Suppose -4*w = 4*k - k + 1, -2*w + 13 = -3*k. Suppose 0 = -w*l + 3*d + 157, 5*l = l + 4*d + 304. Is l a prime number?
True
Let a(q) = 1657*q**2 - 15*q - 56. Is a(-3) prime?
False
Is 564675/27 + 232/(-261) composite?
True
Let m(c) = -2980*c**3 - 2*c**2 + c + 2. Let i be m(-1). Let v = i + -2126. Is v composite?
False
Let s(i) = 3133*i + 464. Is s(39) a prime number?
True
Suppose -5*a + 2*a + 4*d + 13153 = 0, -4*a + 4*d + 17544 = 0. Is a a prime number?
True
Let t be 8/2 - (-13 - -425). Let a = t + 1243. Is a composite?
True
Suppose 9340 = -53*x + 63*x. Is x a prime number?
False
Suppose 0 = 5*q + 4*t - 5735, q - 200 = 3*t + 966. Is q prime?
True
Suppose j + 7 = 4*p + 20, 4*p = -2*j + 2. Let d be p + 4*(-52)/(-8). Is (d/32)/((-1)/(-28)) a prime number?
False
Is (-20908)/(-5) + (-12)/20 composite?
True
Let f(m) = 3*m + 3. Let z be f(-5). Let y = z - 175. Let v = y + 1004. Is v prime?
False
Let g(h) = 46*h**2 + 51*h + 169. Is g(-4) a composite number?
False
Suppose 25 = 2*x - 3*p + 198, 2*p + 148 = -2*x. Let o = -48 - x. Is o prime?
True
Suppose 12*k - 1 = 11. Let c(p) = 1669*p - 12. Is c(k) a prime number?
True
Suppose o + 82 = 5*k, k + 0*k - 11 = 2*o. Is 8827/6 - k/102 composite?
False
Is ((-2)/(-4))/(3/14478) composite?
True
Let t = 30167 + -17694. Is t composite?
False
Let u